(base 7) in base 12?
54134b
55bc4 (base 14) to base 2
110010110100000000
Convert bd21 (base 16) to base 14.
13905
-324202032 (base 5) to base 4
-11111012112
Convert 50a802 (base 12) to base 13.
3528c8
Convert -1112100022 (base 3) to base 11.
-20710
Convert -8482663 (base 10) to base 11.
-4874172
What is 122222011200 (base 3) in base 4?
1112112123
What is -1225245 (base 6) in base 10?
-65981
What is 201200120020 (base 3) in base 13?
1074c6
What is -3232450 (base 6) in base 9?
-263443
-40ebeb (base 16) to base 13
-b5c797
-110201303 (base 4) to base 5
-10142313
-15721 (base 12) to base 9
-45637
Convert 2903c (base 16) to base 12.
81278
240530012 (base 6) to base 2
10001001111111100011000
1a5084 (base 11) to base 16
4cb60
What is -10000100101001011011 (base 2) in base 4?
-2010221123
1b112 (base 15) to base 2
10101011110111000
Convert -32302745 (base 8) to base 10.
-6915557
What is 111101111100011010010 (base 2) in base 8?
7574322
What is -aa45 (base 16) in base 7?
-241040
Convert 211020111120 (base 3) to base 15.
89a96
210121011000220 (base 3) to base 2
101011110010010001110001
Convert -9011 (base 10) to base 7.
-35162
82177 (base 14) to base 6
10413341
What is 117db8 (base 14) in base 10?
598158
152111121 (base 6) to base 12
10954a1
-15317aa (base 14) to base 5
-10121310140
110000111000011001100 (base 2) to base 10
1601740
Convert 10000100101110101111000 (base 2) to base 16.
425d78
Convert 83114 (base 10) to base 2.
10100010010101010
Convert 375847 (base 15) to base 16.
28746a
Convert -350360 (base 8) to base 5.
-12302044
What is 5158377 (base 9) in base 12?
b0a544
1340244420 (base 5) to base 12
11a2864
-1db076 (base 14) to base 12
-435940
Convert 7001d (base 15) to base 8.
1264143
Convert 59597 (base 11) to base 12.
4185b
Convert -b73265 (base 12) to base 4.
-23001002231
-4378387 (base 9) to base 11
-1369382
-5451380 (base 9) to base 14
-562ad4
22110212221 (base 3) to base 2
101000101111001010
Convert -4658d (base 14) to base 15.
-35b08
Convert -33144452 (base 6) to base 5.
-223300101
Convert 12b41 (base 14) to base 6.
553301
-15785a (base 16) to base 8
-5274132
-210022101101 (base 3) to base 15
-8443a
What is 3721536 (base 11) in base 12?
2202155
93b9b3 (base 15) to base 7
113500464
Convert 1cc9c2 (base 13) to base 16.
b52b4
Convert -1252044 (base 7) to base 10.
-163986
1110111111001110111100 (base 2) to base 9
7347537
What is 568b0 (base 15) in base 12?
113410
12111212112002 (base 3) to base 15
3cd33b
-c9d4a (base 14) to base 10
-488302
What is -114233421 (base 5) in base 9?
-1012485
Convert 8b20da (base 16) to base 10.
9117914
Convert 2020100111010 (base 3) to base 14.
22cc99
Convert 12756357 (base 9) to base 8.
30012134
What is -3a74849 (base 11) in base 6?
-410432533
Convert 3156323 (base 10) to base 15.
425318
-2468f6 (base 16) to base 9
-4436175
Convert -15990276 (base 10) to base 12.
-5431770
-1023806 (base 12) to base 7
-34533615
What is 5264b2 (base 14) in base 7?
32441512
What is -101001101110101101010 (base 2) in base 6?
-45150322
Convert -2012110 (base 4) to base 13.
-3bb3
880061 (base 10) to base 4
3112312331
Convert 1100000011101011000110 (base 2) to base 16.
303ac6
Convert 89904 (base 14) to base 5.
41140132
-3601835 (base 11) to base 8
-27760076
429823 (base 10) to base 7
3440062
What is 1010101000010011111100 (base 2) in base 3?
12020120102210
What is 4276de (base 15) in base 3?
12221202002202
Convert -323013 (base 5) to base 3.
-120002201
Convert 1bdf3 (base 16) to base 8.
336763
Convert -266302 (base 8) to base 12.
-46056
1b77bb (base 12) to base 6
14301155
3059c80 (base 13) to base 7
235324123
What is 46c73 (base 16) in base 2?
1000110110001110011
-54734 (base 8) to base 16
-59dc
Convert -10101110100000 (base 2) to base 3.
-120022122
What is -16991 (base 15) in base 5?
-4314121
Convert 34315321 (base 6) to base 9.
1873374
Convert -387585 (base 10) to base 11.
-245220
-1367559 (base 10) to base 16
-14de07
What is -112326220 (base 7) in base 13?
-156c025
What is 3586d (base 14) in base 6?
2444441
What is -1399824 (base 11) in base 12?
-9786a8
101100010000110100 (base 2) to base 12
88b04
21267350 (base 8) to base 16
456ee8
-1526261 (base 7) to base 2
-110010111100101101
What is 30414527 (base 8) in base 2?
11000100001100101010111
d86b8 (base 16) to base 9
1600881
What is 1011000111100001 (base 2) in base 4?
23013201
What is 1242141 (base 7) in base 15?
32d56
What is 101122211222 (base 3) in base 8?
631663
What is -760 (base 9) in base 11?
-515
What is -115265540 (base 7) in base 2?
-11011100100010011100101
-14522234 (base 6) to base 2
-1111100001010001110
-140950 (base 10) to base 3
-21011100101
Convert 11112221022220 (base 3) to base 14.
46dbc3
3553031 (base 6) to base 12
8b777
What is 2347a6b (base 12) in base 15?
8e9402
Convert 111111111001 (base 3) to base 11.
1716a3
Convert 407771 (base 10) to base 8.
1434333
Convert -3356053 (base 7) to base 4.
-1211322331
What is -21022122112211 (base 3) in base 5?
-1443442334
What is -34350023 (base 7) in base 5?
-1232104133
Convert -4252747 (base 8) to base 15.
-176953
7110755 (base 8) to base 10
1872365
What is 203124444 (base 5) in base 3?
1120022211110
What is 858100 (base 10) in base 15?
11e3ba
What is 713963 (base 10) in base 2?
10101110010011101011
Convert -12981 (base 16) to base 14.
-1da81
Convert -10101110111000111100 (base 2) to base 11.
-44a226
What is -48ba0 (base 13) in base 16?
-20ab1
What is -12ad54 (base 14) in base 4?
-2131121232
Convert c5b91 (base 16) to base 15.
10ee68
Convert -6228a5 (base 13) to base 5.
-1041301021
22413647 (base 8) to base 9
10120713
-22560134 (base 8) to base 9
-10208243
Convert -4128462 (base 9) to base 13.
-5c233a
What is -10010010100001001000 (base 2) in base 5?
-123201021
What is -12012443402 (base 5) in base 4?
-310220111313
62120306 (base 7) to base 13
1100138
What is -1147570 (base 12) in base 5?
-1323040120
What is -14127670 (base 8) in base 7?
-36056240
What is -666221 (base 8) in base 7?
-1623142
Convert -20100201122 (base 3) to base 9.
-210648
Convert 41211401 (base 5) to base 15.
694d6
What is -7999aa (base 12) in base 15?
-286651
Convert 100110001010110000001 (base 2) to base 3.
2100112121211
Convert 21103122 (base 4) to base 2.
1001010011011010
Convert -179c930 (base 13) to base 16.
-75a871
What is -172404 (base 9) in base 2?
-11010000100001010
What is -302a10 (base 12) in base 4?
-2313130230
What is 77715 (base 13) in base 14?
58c8b
304297 (base 15) to base 13
623455
What is -13301430 (base 6) in base 10?
-443610
-54044444 (base 7) to base 10
-4599515
Convert -143060256 (base 7) to base 3.
-122201220200100
Convert 198a2a (base 13) to base 3.
1012220101211
Convert -1404051 (base 9) to base 7.
-6356434
What is -217222 (base 9) in base 16?
-1fb98
-23104154 (base 6) to base 5
-140133200
Convert -143044050 (base 6) to base 10.
-2945406
-472048 (base 11) to base 9
-1361882
What is 10011110101110010 (base 2) in base 10?
81266
d9da19 (base 15) to base 4
213210220101
What is -1131320101 (base 4) in base 9?
-645424
What is -217852 (base 10) in base 4?
-311023330
Convert -10110001101011000100 (base 2) to base 15.
-e5968
What is 2740201 (base 9) in base 6?
52112344
Convert -10110101001111011011001 (base 2) to base 7.
-101323410
What is -242205140 (base 6) in base 10?
-4588980
What is -861974 (base 10) in base 5?
-210040344
What is -75110 (base 14) in base 16?
-450da
-9ba454 (base 15) to base 5
-3400112404
Convert -11220200111 (base 3) to base 6.
-2023451
What is -111101001101111011 (base 2) in base 15?
-4e467
Convert -31012323 (base 4) to base 6.
-1052323
-100122100111 (base 3) to base 10
-189796
Convert 10be20 (base 15) to base 14.
16b600
Convert -111522 (base 15) to base 7.
-6631505
1457013 (base 8) to base 3
210012102020
What is -101100110001010001 (base 2) in base 13?
-6560c
What is 1011101111111000000000 (base 2) in base 5?
1242022210
503603 (base 10) to base 8
1727463
-6094529 (base 10) to base 8
-27177301
21123302 (base 4) to base 12
1a442
What is -194475 (base 15) in base 8?
-4541306
Convert -345541335 (base 6) to base 10.
-6436283
100213420 (base 5) to base 11
252015
Convert -613232 (base 7) to base 10.
-104393
What is -203042212 (base 5) in base 9?
-1505737
Convert 123786 (base 10) to base 15.
26a26
Convert 10502102 (base 7) to